Is q(-5) a prime number?
True
Let l(g) = g - 3. Let z be l(8). Suppose 3*u - 677 = s + s, -3*u = z*s - 649. Is u composite?
False
Suppose 0 = 2*t + 3*t - 10. Let c be t - 2/6*0. Suppose -c*z + 7 + 15 = 0. Is z composite?
False
Suppose 0 = y - 4*s - 17, 2*y + 0 = -3*s + 1. Suppose 0 = 4*j - y + 1. Suppose -j + 12 = 5*c - 4*x, -3*c = -x - 8. Is c a prime number?
True
Suppose -751 - 2521 = -8*m. Is m prime?
True
Suppose 0 = -5*w + 3*c - 39, 4*w + c = 5*c - 36. Is (-4002)/(-18) + (-4)/w a composite number?
False
Let f(k) = k**3 - k**2 + k + 293. Is f(0) a prime number?
True
Suppose -4*r + 7*r + 6 = 0. Is (r/(-6))/((-1)/(-159)) a composite number?
False
Suppose j = 3192 - 943. Is j a prime number?
False
Suppose 0 = 2*m + 4*j, -j - 4*j = 2*m. Let l(c) = -c**3 - c + 49. Is l(m) composite?
True
Suppose -5*s + s = -32. Suppose -3*m + s*m = 320. Let h = -33 + m. Is h composite?
False
Let g be 6/(-3) - 4*-1. Suppose g*t - 16 - 214 = 0. Is t composite?
True
Let f be -2 - 2*86/(-4). Let r = 97 - f. Suppose d - 7 - 9 = 3*k, -2*d - 2*k + r = 0. Is d a prime number?
False
Let x(j) = j**2 - 6*j + 1. Let q be x(10). Let p = q - 26. Is p a prime number?
False
Let q = -26 + 38. Let p = -5 + q. Is p a prime number?
True
Suppose -526 = -3*s + 11. Is s prime?
True
Let x(t) = 5*t + 8. Let i be x(-6). Let v = 44 - i. Suppose 2*p = m + 23, -2*p + 2*m = -6*p + v. Is p a prime number?
False
Let v(b) = -14*b - 3. Suppose 4*l - 5*o - 68 = 0, -o + 17 = l + o. Suppose -3*h = l - 2. Is v(h) prime?
True
Let p = -1 - -3. Let m(n) = -3*n + 2*n**2 - 3*n**p - 2*n**2 + n**3. Is m(5) composite?
True
Let j be 2*(186/4 - 0). Suppose 3*d - 288 - j = 0. Is d prime?
True
Let l = 0 - -8. Suppose 3*i - 119 + l = 0. Is i a composite number?
False
Let g(v) = 18*v - 11. Let s(c) = -6*c + 4. Let j(i) = 3*g(i) + 8*s(i). Let q be j(6). Suppose 0 = 3*b - 2*b - q. Is b prime?
False
Let t(p) = 2*p + 3. Let z be t(-2). Let i(o) = 3*o**2 - 2*o - 1. Let s be i(z). Suppose -s*f + 0*f = -100. Is f composite?
True
Let j(o) = o**3 + 6*o**2 - 6*o + 4. Is j(-5) a prime number?
True
Let s = 13 + -7. Suppose 5*w = -q - 4, 84 = 3*q + q - 5*w. Suppose 2*l = -2*a + q, s*a - a = -l + 28. Is l prime?
True
Let z = 10 - 7. Suppose -b = -z*b - 6. Let m(s) = -s**3 - s**2 - s + 2. Is m(b) a prime number?
True
Suppose 3*r + 116 - 584 = 0. Let m be 24/(-20)*60/(-9). Suppose 4*x = m*x - r. Is x a composite number?
True
Suppose 49*x = 54*x - 345. Is x prime?
False
Let a = -312 + 444. Suppose 5*b + p = 190, 3*b - a = 3*p - 0*p. Is b prime?
False
Suppose 2*b - 1204 - 139 = o, 2022 = 3*b - 3*o. Is b a composite number?
True
Let f(t) = -96*t - 19. Is f(-6) a prime number?
True
Let h(w) = w**2 + w + 1. Let r(a) = -3*a**2 + 4*a - 7. Let b(z) = 2*h(z) + r(z). Let n be b(5). Suppose n = 7*d - 2*d - 285. Is d composite?
True
Let g(a) = -4*a**3 - 12*a**2 - 4*a + 7. Let z(d) = d**3 + d**2. Let l(h) = g(h) + 6*z(h). Is l(5) prime?
False
Let o be (-5)/20 - (-14)/(-8). Is (o + 3)/(1/21) prime?
False
Let j be -137 - (-3)/(4 - 1). Let w = j - -203. Is w - 0 - (-2 - -2) a prime number?
True
Suppose -2*q = 3*i + 5, -21 - 9 = -3*q + 3*i. Suppose 5*c - 3*g = -q*g + 2067, 3*c - 1243 = -4*g. Is c prime?
False
Let n be 3*24/(-27)*-3. Let b(t) = t**2 - 7*t - 4. Let r be b(n). Let f(h) = 14*h - 3. Is f(r) composite?
False
Suppose 3*p = 3*y + 120, 4*p - 130 + 10 = 3*y. Let m = y - -73. Is m composite?
True
Let c be 12/(-42) + (-23)/(-7). Suppose -p = c*p - 184. Is p prime?
False
Suppose -2*h + 231 = -383. Is h prime?
True
Suppose -4*h + 8 = 0, 0*h = -3*m + 2*h - 142. Let d = m + 79. Is d a composite number?
True
Let x(q) = -5*q**3 + 8*q**2 + 13*q - 13. Is x(-7) a composite number?
False
Let w = 1215 + -796. Is w a prime number?
True
Let t = 1775 - 801. Is t prime?
False
Is (-2)/(-4*1/6) - -1264 composite?
True
Let p = 185 - 106. Is p prime?
True
Is (641/(-6))/(2*3/(-36)) a prime number?
True
Let v(c) = 4*c**3 - c**2 - c + 1. Let s be 4 - ((-6)/(-3) + 1). Let b be v(s). Suppose 59 = b*t - 172. Is t composite?
True
Suppose -35 = -2*h + 159. Suppose -2*u + h = 31. Is u prime?
False
Let w = 5 - 0. Let g = w + -7. Is -2 + (2 + g - -13) a prime number?
True
Is (0 - (-994)/(-4))*-2 a composite number?
True
Suppose 2*a - 7344 = -s, 0*s = a + 2*s - 3675. Is a prime?
True
Is (11963/14)/(1/2) composite?
False
Suppose -16*d + 28765 = -5*d. Is d a composite number?
True
Suppose 0 = -h + 40 + 49. Is h a prime number?
True
Let j(x) = 3*x**2 - 10 - x + 11 + x**2 - 2*x**2. Let h = -9 + 5. Is j(h) a composite number?
False
Let d = -179 - -16. Is (1/(-1))/(1/d) a composite number?
False
Let n = -335 - -592. Is n a composite number?
False
Let v be ((-9)/3)/1 - -3. Is 5/(-5) + v + 120 a prime number?
False
Let u(v) = 1519*v + 20. Is u(5) a prime number?
False
Let t = 11 - -72. Is t composite?
False
Let w = 115 + 96. Is w a composite number?
False
Let z = 453 + -199. Is z a composite number?
True
Let c = 4 + -3. Is 90 + c - (0 - -2) composite?
False
Suppose 2*d - 9 = -25. Let b = d + 20. Suppose -t - 2*q = -3*t, 0 = 5*t - q - b. Is t prime?
True
Let n(p) = -4*p - 5. Let g be n(4). Let l be 3320/7 - (-6)/g. Suppose -3*w + 135 + l = 0. Is w a prime number?
False
Let s(k) = -k**3 + k**2 - 2*k + 397. Is s(0) prime?
True
Let f(n) = 2*n**3 + 9*n**2 - 4*n - 4. Let t be f(6). Suppose -5*x = g - 1260, 5*x - 5*g = 2*x + t. Is x a prime number?
True
Suppose a = -3*n + 636, 2*n = 4*a + a + 407. Is n composite?
False
Let o(n) = -n**2 - n - 1. Let i(m) = -35*m**3 + 70*m**2 + 70*m + 70. Let j(g) = i(g) + 70*o(g). Is j(-1) a prime number?
False
Is 8908/20 + 8/(-20) a prime number?
False
Suppose -h + 530 = 4*h. Suppose 0 = 2*r - 3*f + 3, 5*r + 2*f = 4*r + 2. Suppose h = -r*g + 2*g. Is g prime?
True
Let n(m) = 8*m - 6. Suppose 0*x = -4*g - 4*x, -3*g = 4*x + 4. Is n(g) a composite number?
True
Let l(s) be the second derivative of s**4/12 + 2*s**3/3 + 2*s**2 - s. Let m be l(-3). Suppose -j + 5 = m. Is j a composite number?
True
Let p(i) = -38*i + 12. Is p(-5) composite?
True
Suppose 3*l = -3*x - 21, 8 + 6 = -2*x - l. Let w(n) = n**2 + 7*n - 1. Let a be w(x). Is 46 - (-1)/a - -2 a prime number?
True
Let a be (-2)/8 - 3/(-12). Suppose 5*w - 5*r = 180, a = -3*r + 1 - 4. Is w prime?
False
Suppose -5*w - b = 2*b - 7, 4*w - 2*b - 10 = 0. Let j(p) = p**w + 2 + p**2 + 3*p + 6*p. Is j(-7) composite?
False
Let p(j) = -12*j + 3. Let v be p(-9). Let n = -76 + v. Is n a composite number?
True
Suppose 6*t - 150 = -12. Is t composite?
False
Let b be 1*-4*(-6)/(-4). Suppose 2*u + 6 = 4*u. Is u - (3 - -3)*b prime?
False
Let f(q) = q**2 + 3*q - 2. Let g be f(5). Suppose 3*r - r = g. Suppose 0 = -5*z - 3*w + 72, -z - 5 = w - r. Is z a composite number?
True
Let b(g) = -102*g + 1. Is b(-4) a prime number?
True
Let q(k) = 10*k**2 + 6. Let w(o) = 44*o**2 + 20. Let d(i) = 11*i**2 + 5. Let x(u) = 9*d(u) - 2*w(u). Let p(s) = -6*q(s) + 7*x(s). Is p(2) prime?
True
Let u = 15 - 23. Let i(a) = 2*a**2 - 9*a - 9. Is i(u) a prime number?
True
Suppose -2 = -4*x + g - 1, 5*x + 5*g - 20 = 0. Suppose -4*c = 5*o, o - c + x = -2*c. Suppose 5*y = o*v + 95, -5*y + 90 = -2*v - 5. Is y composite?
False
Let l(r) = -11*r**2. Let v be l(1). Let y(c) = -c**3 - 10*c**2 + 8*c + 13. Is y(v) composite?
True
Suppose -17*k + 422 + 6191 = 0. Is k prime?
True
Let c be 20/8 - 2/(-4). Suppose c*w = 4*u + 5*w - 804, 0 = -3*w. Is (-3)/((-9)/u) + 0 a prime number?
True
Let m(n) = -n**2 + 6*n - 4. Let k be m(5). Let i be -3 - (0/k + -1). Is 53 - (5 + -3) - i a prime number?
True
Let n(f) = -f**2 - 7*f + 5. Let z be n(-7). Suppose 4*p - 186 = -z*l, 0 = -2*p - 2*l + 117 - 23. Is p a composite number?
True
Suppose -4*t + 20 = -0*t. Suppose t*r - 116 = 59. Is 1197/r - (-1)/(-5) a prime number?
False
Suppose 0 = q + 2*q - 7794. Let i = 3713 - q. Is i a composite number?
True
Is (-134)/(-12)*6/1 a composite number?
False
Let y be (-4)/(-6) + 561/9. Let j = y + -32. Is j a composite number?
False
Let h(l) = -15*l**3 - 3*l**2 - 2*l - 3. Is h(-3) a composite number?
True
Suppose -4*b + 5*b = 2. Suppose -75 - 57 = -b*a. Let u = a - -13. Is u a composite number?
False
Let a(i) = i + 5. Let c be a(-3). Is 3/c - (-1400)/16 a prime number?
True
Let k(g) be the second derivative of -g**4/12 - 5*g**3/2 - 7*g**2 + 7*g. Let x = -24 + 12. Is k(x) prime?
False
Le